r when 30 is divided by w.
6
Suppose -h = 2*w - 0*w - 41, -3*w + 2*h + 72 = 0. Calculate the remainder when w is divided by 8.
6
Let x = 7 - 7. Let t = 26 - x. What is the remainder when t is divided by 9?
8
Suppose 8 = -2*h - 2*h, -4*h - 12 = -2*s. Let t = 8 + -6. What is the remainder when t is divided by s?
0
Let o = 192 - 89. What is the remainder when o is divided by 21?
19
Let n(o) = 8*o**2 + o - 1. Let w be n(1). Let t = 22 + w. What is the remainder when t is divided by 11?
8
Let s = -21 - -36. Calculate the remainder when 26 + 6*(-2)/(-4) is divided by s.
14
What is the remainder when 34 is divided by 24/(-54) + 232/36?
4
Let g(t) = -t**3 + 8*t**2 - 4*t - 8. Calculate the remainder when g(5) is divided by (-74)/(-6) - 1/3.
11
Suppose 12 + 20 = 2*k. Calculate the remainder when k is divided by 9.
7
Let g(x) = x + 3. Let a be g(7). Suppose 10 = 5*d + y - 3*y, -2*y = 5*d - a. Suppose 5*k = 4*k + d. What is the remainder when k is divided by 1?
0
Let u = 119 + -27. Calculate the remainder when u is divided by 19.
16
Suppose v = -n + 3*n + 74, 0 = -4*v - 3*n + 263. What is the remainder when v is divided by 35?
33
Let g(w) = 3*w - 2. What is the remainder when 13 is divided by g(2)?
1
Let o = 18 + -7. Let i be 0 - (-5 + (0 - 0)). Suppose 4 + 16 = i*t. What is the remainder when o is divided by t?
3
Let a = 56 - -8. Suppose -q - 2*w - 116 = -5*q, 0 = -2*q + 4*w + a. What is the remainder when q is divided by 15?
13
Suppose w = 2*y + 25, 0 = -4*w - 2*y + 18 + 102. Calculate the remainder when 114 is divided by w.
27
Let q = 128 + -94. Let c = -38 - -56. What is the remainder when q is divided by c?
16
Suppose -3*u + 12 = 0, 3*r + 0*r = -4*u + 19. Let j be -1 + (0 - r)*-67. Let b = -32 + j. What is the remainder when b is divided by 12?
10
Suppose -3*x + 36 = 5*f, 0*x + 5*x - 60 = -f. Suppose k - 2*y = -3*y - 2, 4*k + y = -20. Calculate the remainder when x is divided by 10 - k/(1 - 3).
5
Let s = -21 + 30. Suppose 7*i - 4*i = s. What is the remainder when i is divided by 2?
1
Let l = -2 - -2. Suppose 2*q + 3*q - h = 140, -4*q + 5*h + 133 = l. Let w = q - -6. What is the remainder when w is divided by 17?
16
Suppose -5*o - 25 = 4*w + 11, -w = -4*o - 12. Let l = 1 + 7. Let i = l + w. Calculate the remainder when 10 is divided by i.
2
Suppose -n + 5*n = 12. Suppose -h + 80 = 4*h. What is the remainder when (n - -86 - -3)/2 is divided by h?
14
Suppose 0*o - 16 = -4*o. Suppose -15 = 5*c + 5, -l = -o*c - 53. What is the remainder when l is divided by 13?
11
Let w(g) = g**3 + 4*g**2 + g - 2. Let u be -6*3/(-12)*2. Suppose u*t = 4*t - 6. What is the remainder when t is divided by w(-3)?
2
Suppose 4*u + 61 = -0*u - 5*k, 6 = 2*k. Calculate the remainder when u/(-3) - (-2)/(-6) is divided by 1*(-1)/(-2)*8.
2
Let r be (6/(-15))/(1/(-10)). Let s = 4 - r. Suppose 4*x + s*x - 8 = 0. Calculate the remainder when 4 is divided by x.
0
Suppose 0 = -10*d + 8*d + 114. What is the remainder when d is divided by 15?
12
Let w = 42 - 13. What is the remainder when 85 is divided by w?
27
Calculate the remainder when 6 is divided by -2 - (-2 + 0 - 3).
0
Let l(m) = 2*m**2 - m. Let t be l(-1). Suppose z = -4*o - 0*z + 108, t*o = 4*z + 81. Calculate the remainder when o is divided by 7.
6
Let b = 12 + -4. What is the remainder when 23 is divided by b?
7
Let v(b) = b**3 + 8*b**2 + b + 9. Let a be v(-8). Let u = a + 16. What is the remainder when 50 is divided by u?
16
What is the remainder when 59 is divided by (-313)/45*-3 + (-2)/(-15)?
17
Let g = -110 - -112. Let c = 4 + -7. Let l(b) = b**3 + 4*b**2 + 2*b - 2. What is the remainder when g is divided by l(c)?
0
Suppose 4*n - 288 = -88. Suppose -n = -3*h + p, -20 = -2*h + 3*p + 18. What is the remainder when 61 is divided by h?
13
Suppose 0*r - 44 = 5*t + 2*r, -r - 10 = t. What is the remainder when 6 is divided by 12/t*(-8)/6?
0
Suppose -14 + 55 = -4*m - u, -3*u = -m - 20. Let n = m - -26. What is the remainder when n is divided by 4?
3
What is the remainder when 53 is divided by (18/(-10))/(16/(-160))?
17
Let m = -5 - -2. Suppose 0 = -3*r + 6. What is the remainder when r is divided by -2 + (3 - m) + -3?
0
Let w(c) = 5*c**2 + 2*c. What is the remainder when 369/12 + (-1)/(-4) is divided by w(-2)?
15
Suppose -4*n - 39 = -231. Calculate the remainder when 191 is divided by n.
47
Let q(j) = j**2 + j - 12. Let s be q(0). Calculate the remainder when (-202)/(-8) - (-3)/s is divided by 0 - 9*(2 + -3).
7
Let f = 7 + 10. What is the remainder when 84 is divided by f?
16
Let f = 16 - 1. Calculate the remainder when f is divided by 8.
7
Let s = -16 - -23. Calculate the remainder when (52/2)/(-2 + 4) is divided by s.
6
Let j = 7 - 7. Suppose j = -4*b - b - 4*o, -3*b + 4*o + 32 = 0. What is the remainder when 16 is divided by 43/5 + b/10?
7
What is the remainder when (-398)/(-6) - (-12)/18 is divided by 14?
11
Suppose o + o = 62. Suppose 2*a - a + 9 = 0. Calculate the remainder when o is divided by 1 - (a + 2/(-2)).
9
Let x(n) = n**3 + 7*n**2 + 1. Let w be x(-7). Let v = 0 - 0. Suppose v = -2*d + 5*t - w, -3*d + 2*t + 20 - 5 = 0. What is the remainder when 12 is divided by d?
5
Let c = -1 - 3. What is the remainder when 4/6 - c/3 is divided by 2?
0
Let l = 45 + -31. Let a = l + -1. Suppose 4*w = 2*u - 6, 5 - 1 = 2*w. What is the remainder when a is divided by u?
6
Let i = -9 + 24. Calculate the remainder when 59 is divided by i.
14
Suppose 0 = 2*q + 1 - 3. Let r be -2*(-2 - q*-6). Let h(k) = -8*k - 11. What is the remainder when h(r) is divided by 18?
17
Suppose r + 6 = -4. Let p = 13 + r. What is the remainder when 5 is divided by p?
2
Let g(o) = -o**3 + 5*o**2 + 6*o + 4. Let p = -5 + 7. Suppose 9 + 27 = p*v. Calculate the remainder when g(5) is divided by v.
16
What is the remainder when 51 is divided by (-1)/(-4) + (-1065)/(-60)?
15
Let p = -1 - -43. What is the remainder when p is divided by 15?
12
What is the remainder when 57 is divided by (-2)/((-64)/87 + 2/3)?
28
Let t(o) = -1 + o + 9 - 8. What is the remainder when -1*(-9 - (2 - 2)) is divided by t(3)?
0
Let p = -28 - -43. Calculate the remainder when p is divided by 4.
3
Suppose -7*n = w - 2*n + 3, 0 = 4*w + 5*n - 18. Calculate the remainder when 12 is divided by w.
5
Suppose 4*q + 37 = 3*z, -q - z - 12 = z. Let i(v) = -v**2 - 12*v + 11. Calculate the remainder when i(q) is divided by 11.
9
Let w be (9/(-27))/((-1)/6). Let z = w - -1. Suppose 1 + 38 = z*h. What is the remainder when h is divided by 5?
3
Suppose 0 = 5*a - 0*a - 55. Suppose o - 7 = -2*v, -4*v + 5*o = 9 - 2. What is the remainder when a is divided by v?
1
Let v = -9 + 17. Let t(k) = 8 - v + 11*k**2. Calculate the remainder when 42 is divided by t(-1).
9
Suppose 0 = 3*y + 125 - 131. Calculate the remainder when 7 is divided by y.
1
Suppose -4*w - w + 15 = 0. Suppose n + d - 9 = -0*d, -7 = n - w*d. Suppose 5*f = n*a - 40, 7*a - 32 = 2*a + f. Calculate the remainder when a is divided by 4.
2
Suppose 2*a + 5*i = 23, a - 1 = 5*i - 12. Calculate the remainder when 10 is divided by a.
2
Suppose 3*c + 3*x + 0*x - 78 = 0, -c = -4*x - 1. What is the remainder when 59 is divided by c?
17
Let n(k) = -k**3 + 3*k**2 + 4*k + 5. Let j be n(4). Suppose -8 = -j*g + 267. Calculate the remainder when g is divided by 14.
13
Let i(t) = t**3 - 7*t**2 + 3*t - 9. Let v(n) be the first derivative of -n**2/2 + 4*n - 1. Let f be v(-3). What is the remainder when 22 is divided by i(f)?
10
Let s(k) = -k**3 + 7*k**2 + 4*k + 9. Suppose -b = -3*p - 43, -2*p - 4*b + 2 - 26 = 0. Let v = 21 + p. What is the remainder when s(v) is divided by 13?
11
Let n be 25 + (-2 - (0 - 1)). Let k = n - 38. Calculate the remainder when (-66)/(-14) + (-4)/k is divided by 3.
2
Let c(r) = -r**3 + 6*r**2 + 10*r - 4. Calculate the remainder when -1*1/(-1)*33 is divided by c(7).
16
Let q = -4 - -4. Suppose 0 = -5*k + 4*s - 7*s + 28, q = 5*k + s - 26. Calculate the remainder when k is divided by 3.
2
Let u(w) = 2*w**2 - 9*w + 2. Suppose 2*q = 5*q. Suppose 80 = 2*n + c, q*n + n - 3*c = 33. What is the remainder when n is divided by u(6)?
19
Suppose -w = 4*q - 2*w - 11, -3*w = -3. Let o(p) = -42*p**2 - 1 + 42*p**2 + 5*p**q. What is the remainder when 11 is divided by o(1)?
3
Suppose k - 7 = -n + 1, 10 = n + 2*k. Let h(t) be the third derivative of t**5/30 + 7*t**